 r/12*(-12)/21. Suppose -p*k + 98 = m - 83, 5*k - 480 = 3*m. Is k a prime number?
False
Let s(h) = 5 + 6 + 406*h + 96*h + 0. Is s(3) a prime number?
False
Suppose -3*j + 21 = -3*h, -5*h + 3*j = -h + 25. Is (23/h)/(10/(-120)) prime?
False
Let s(c) = c**2 - 8*c + 8. Let g be s(9). Suppose 3*m + 2*m + 2*a - 25 = 0, -g = -4*m - a. Is m a prime number?
True
Let l(c) = -3 + 0 - 4*c**2 + 6*c + 35*c**2. Is l(4) prime?
False
Suppose -5*x - 21936 = -65201. Suppose 0 = -f + 5*l + 2142, 0*l = -4*f + 3*l + x. Is f a composite number?
True
Suppose -25*h + 32198 = -22277. Is h a prime number?
True
Let w(p) = 1716*p + 290. Is w(9) a composite number?
True
Let a = -3496 - -10089. Is a a prime number?
False
Let s(p) = 760*p + 1109. Is s(6) a prime number?
True
Suppose -3*h = -h - 40. Let z = h + -20. Suppose z = 2*t + 2*t - 1588. Is t prime?
True
Is -48292*4/(-8) - 4 a prime number?
False
Let z(n) = -22*n**2 - 2*n + 2. Let w(d) = d**2 - 1. Let f(q) = 4*w(q) - z(q). Let y be f(3). Suppose 7*v = v + y. Is v a prime number?
False
Is (-15 + 6)/(-9)*(24610 + 1) a prime number?
True
Suppose 2*m - 5130 = 4*g, 2 = 2*g - 2. Is m composite?
True
Suppose 7*m - 5*m - 22401 = 5*a, -3*m + 33624 = -3*a. Is m composite?
False
Let h = -381 - -1268. Is h a composite number?
False
Let u(q) = 24*q - 6. Let w be u(4). Let d(c) = 2*c**2 - 21*c - 1. Let a be d(4). Let t = w + a. Is t a prime number?
True
Let b be 6/33 - (-6301)/11. Let x = 48 - -182. Suppose 4*p - x = -2*j + 156, -3*j - 4*p = -b. Is j a prime number?
False
Let v be (-5350)/(-7) + (-6)/21. Let g = v + -538. Is g a composite number?
True
Let v = 12 + -496. Is (6/12)/((-2)/v) composite?
True
Is ((-5)/20)/(12/(-243312)) composite?
True
Let n(l) = 864*l**2 - 5*l - 8. Let t be n(6). Suppose -x - 7774 = -m, x = 4*m + 3*x - t. Is m prime?
False
Let v = 307 + 5284. Is v a prime number?
True
Let n = 20 - 22. Let m(d) = -12*d**3 + 4*d**2 + 3*d + 1. Let o be m(n). Let g = o - -42. Is g a composite number?
False
Let r(m) = 29*m**2 + 48*m - 343. Is r(10) prime?
True
Let k be (-8)/(-5) - 8/(-20). Is (-2)/4 - (0 - 1389/k) a prime number?
False
Let o be -1*1142/2 + 3. Let y = 219 + o. Let v = 1092 + y. Is v prime?
True
Let h = 620 - -428. Is 9/(-21) - h/(-28) composite?
False
Let y = -20 + 11. Let m be -4 + y*6/(-9). Suppose n - 19 = -m*b, -3*n + 2*b = -b - 75. Is n prime?
True
Let b(z) = z**3 + 37 + 18*z**2 + 15*z - 20*z + 16*z. Is b(-17) a composite number?
False
Let c = 3709 - 1392. Is c composite?
True
Let r = 161 - -633. Is r a composite number?
True
Suppose 0 = 471*y - 452*y - 180329. Is y a prime number?
True
Let h = -79 - -165. Suppose 3*q = -13 - h. Is (-2436)/q - (-6)/33 prime?
False
Let z(p) = 64*p**2 + 8*p - 5. Is z(-6) prime?
True
Let b = 16 - 3. Suppose 5*m = 2*q + 1 + 12, -4*q = 3*m - b. Let v = 46 + q. Is v a prime number?
True
Let m = 2958 - 1267. Is m a composite number?
True
Let b(k) = 1 + 3*k - 8 + 3. Let u be b(6). Suppose 92 - u = 2*a. Is a a prime number?
False
Let a = 255 + 299. Is a/(-2)*(-2 + 2 - 5) a composite number?
True
Is -6*(62979/(-54) - 2/9) a prime number?
False
Suppose -s + 3 = 2*w - 6*s, w = 5*s + 4. Is 7/(-5*w/115) composite?
True
Let a = -18 + 17. Let j be -1 - (-15041 + a + -2). Suppose 11*i = 4*i + j. Is i a composite number?
True
Let q(m) = -3*m**3 - 4*m - 127. Let p(t) = 8*t**3 + 11*t + 381. Let y(w) = 4*p(w) + 11*q(w). Is y(0) a prime number?
True
Suppose -63820 = -5*t - 0*t. Suppose -t = -9*z - 1433. Is z prime?
True
Let q = 872 + -1251. Let v = 1856 + q. Is v prime?
False
Let p be 164*((-9)/(-4) - 0). Let h = -248 + p. Suppose h = 3*o - 134. Is o a prime number?
False
Let s be (-2)/13 - 5308/(-26). Let u = s + -17. Is u composite?
True
Suppose -4*x + 24452 = 3*s, -10*x - 24452 = -14*x - 4*s. Is x a composite number?
False
Let v be (-656)/(-22) - 8/(-44). Let y = -15 + v. Is y prime?
False
Let l = 2905 - 1928. Is l a composite number?
False
Suppose -2*z = -130 - 156. Let i = -3 + 5. Suppose t = -o + z, 0 = -o + t + i*t + 155. Is o prime?
False
Suppose -o = 2*d + 3*d + 32, -3*o + 9 = 0. Let w = d - -90. Is w a composite number?
False
Let z = 1326 + 2057. Is z a composite number?
True
Let d be 19/7 - 8/(-28). Suppose -2*l + 8 = -2. Suppose 4*b = -3*k + 173, -l*k = -2*k + d*b - 168. Is k composite?
True
Let t(l) = -l**3 + 5*l**2 - 4. Let k be t(5). Suppose 4*n + w = 5*w + 28, 5*n - 2*w = 26. Is (-127 - 0)/(n/k) a composite number?
False
Suppose -6*a + 63994 = -36380. Is a prime?
True
Let c be 39656/(-4)*(3 - (-27)/(-6)). Let y = c - 9740. Is y composite?
True
Suppose -4*n - 8 = 0, -4*z + 3*z + 13 = -4*n. Let s(p) = 2*p**3 - 4*p**2 + 5*p - 1. Let c be s(z). Suppose 0 = b - 4*b + c. Is b composite?
True
Let l = -31375 - -162366. Is l a composite number?
True
Let x(k) = 183*k**3 - 21*k**2 - 22*k + 51. Is x(7) a composite number?
False
Let o = -46 - -1. Is (-4 + o/(-10))*2426 a composite number?
False
Let f be (96/36)/(4/6). Suppose -f*g + 136 = -96. Is g a composite number?
True
Let k = -4997 + 26974. Is k a composite number?
False
Let a(o) = 5*o**2 + 7*o. Let t be a(14). Let y be (-4)/(-3) - t/21. Is (y - 2)*141/(-12) composite?
True
Let b(z) = -z**2 - z + 2. Let g be b(-2). Suppose -1887 = -3*i - g*i. Suppose 3*o - 599 = 2*j, -o + i = 2*o + 4*j. Is o composite?
True
Let g be ((-12)/(-8)*176)/((-6)/(-81)). Suppose -15*p + 10371 + g = 0. Is p composite?
False
Let n = 18 - 9. Suppose 3*w + n = 27. Suppose -4*x - z + 437 = 0, 547 = w*x - x + 2*z. Is x a prime number?
True
Let x = -57 - -54. Let j(o) = -721*o - 2. Is j(x) prime?
True
Let k be -25 + (-4)/(-2) + 1. Let g be (-4)/(-22) + 1632/k. Let j = g + 111. Is j a prime number?
True
Let h(n) = 84*n**2 + n + 7. Let g be h(2). Let z = -204 + g. Is z a composite number?
True
Let t = -11 - -33. Suppose -k - 3*r - r = t, -2*k = -3*r. Is (k - -3)/3*-337 a prime number?
True
Let d(s) = 7*s + s**3 - 4*s**3 + 3 - 4*s**2 - 4 + 4*s**3. Let l = 1 - -4. Is d(l) composite?
False
Let n = -1 - -3. Let f be 1719/4 - 9/12. Suppose n*k + k = f. Is k a composite number?
True
Let h(l) = 8*l - 1. Let q be h(1). Let m be ((-59)/2)/(q/(-14)). Suppose -2*v = -m - 39. Is v prime?
False
Let w(x) = 198*x**2 - 5*x + 3. Let g be w(2). Suppose 231 = 4*a - g. Suppose 2*n - a = 260. Is n prime?
True
Let l = 5 + -48. Let o = 275 - l. Suppose f - g = 83, -g = 3*f - o + 85. Is f prime?
True
Let z(i) = 2*i**2 + 4*i - 55. Is z(-44) prime?
False
Is ((-2)/(-6))/((989/(-999465))/(-43)) prime?
False
Let b be (-491784)/(-36) - 1/(-3). Suppose 3*g - 5849 + 403 = -2*x, 4*g + b = 5*x. Is x a prime number?
True
Let r(q) = 15*q**2 - 8*q - 8. Let j = 25 + -30. Is r(j) composite?
True
Let n(p) = 29*p + 4 - 7 - 6*p + 16. Let t(r) = -11*r - 6. Let q(m) = -3*n(m) - 5*t(m). Is q(-4) prime?
True
Let d(n) = 29*n**2 - 6*n + 2. Is d(-5) a composite number?
False
Is (-187 + -1)/(296/(-518)) a prime number?
False
Suppose -10 = 2*d, -3*d + 56 = -2*k - 83. Let s = k + -73. Let c = s - -259. Is c prime?
True
Let a = -19 + 34. Let f(c) = -389 - 13*c + 405 + 0*c + 2*c**2. Is f(a) a prime number?
True
Let d = -626 - -441. Let o = d - -506. Is o a prime number?
False
Let q = -231 - -1099. Let a be q + 12/3 + -4. Let t = a + -554. Is t composite?
True
Let x(q) = 3*q**3 - q**2 + 1. Suppose -m + 0 = c - 3, c = 2*m. Let f be x(m). Suppose 2*k - 32 = 2*u - 0*u, 3*k = -f*u + 66. Is k a prime number?
True
Let m = 48 - 48. Suppose -5*d = 3*p - d - 13, 0 = -3*p + 2*d + 7. Suppose m = -h + p*h - 166. Is h a prime number?
True
Let u(s) be the first derivative of 3*s**3 + 15*s**2/2 - 17*s - 8. Is u(-7) a prime number?
False
Let n(w) be the second derivative of w**6/360 - w**5/30 - 13*w**4/24 + w**3 - 5*w. Let x(f) be the second derivative of n(f). Is x(-10) a prime number?
True
Let u be 0/((-6)/(-2)) - -57. Let s = 29 + u. Suppose 2*o + 8 = 0, -2*o + 3*o + s = n. Is n a prime number?
False
Suppose 4*o + c = 373 + 2153, 0 = -5*o + 5*c + 3145. Is o composite?
False
Suppose -2*w + 157 = 2*a - 135, 4*a = w + 559. Suppose 3*v - 4*y - 32 = 0, 3*y + 23 = 8. Suppose b - a - v = 0. Is b a composite number?
True
Let o(n) = 1407*n - 2. Is o(5) composite?
True
Let r = -31 + 18. Is (r - -10)/(3/(-359)) a composite number?
False
Suppose -10439 - 56196 = -5*j. Is j a prime number?
True
Suppose 0 = -244*b + 242*b + 8238. Is b a compos